{"id":349,"date":"2026-01-30T19:40:24","date_gmt":"2026-01-30T19:40:24","guid":{"rendered":"https:\/\/ostsee.philippramsch.de\/?page_id=349"},"modified":"2026-03-10T12:55:20","modified_gmt":"2026-03-10T12:55:20","slug":"volunteer","status":"publish","type":"page","link":"https:\/\/ostsee-sportspiele.de\/index.php\/volunteer\/","title":{"rendered":"Volunteer"},"content":{"rendered":"\t\t<div data-elementor-type=\"wp-page\" data-elementor-id=\"349\" class=\"elementor elementor-349\" data-elementor-settings=\"{&quot;element_pack_global_tooltip_width&quot;:{&quot;unit&quot;:&quot;px&quot;,&quot;size&quot;:&quot;&quot;,&quot;sizes&quot;:[]},&quot;element_pack_global_tooltip_width_tablet&quot;:{&quot;unit&quot;:&quot;px&quot;,&quot;size&quot;:&quot;&quot;,&quot;sizes&quot;:[]},&quot;element_pack_global_tooltip_width_mobile&quot;:{&quot;unit&quot;:&quot;px&quot;,&quot;size&quot;:&quot;&quot;,&quot;sizes&quot;:[]},&quot;element_pack_global_tooltip_padding&quot;:{&quot;unit&quot;:&quot;px&quot;,&quot;top&quot;:&quot;&quot;,&quot;right&quot;:&quot;&quot;,&quot;bottom&quot;:&quot;&quot;,&quot;left&quot;:&quot;&quot;,&quot;isLinked&quot;:true},&quot;element_pack_global_tooltip_padding_tablet&quot;:{&quot;unit&quot;:&quot;px&quot;,&quot;top&quot;:&quot;&quot;,&quot;right&quot;:&quot;&quot;,&quot;bottom&quot;:&quot;&quot;,&quot;left&quot;:&quot;&quot;,&quot;isLinked&quot;:true},&quot;element_pack_global_tooltip_padding_mobile&quot;:{&quot;unit&quot;:&quot;px&quot;,&quot;top&quot;:&quot;&quot;,&quot;right&quot;:&quot;&quot;,&quot;bottom&quot;:&quot;&quot;,&quot;left&quot;:&quot;&quot;,&quot;isLinked&quot;:true},&quot;element_pack_global_tooltip_border_radius&quot;:{&quot;unit&quot;:&quot;px&quot;,&quot;top&quot;:&quot;&quot;,&quot;right&quot;:&quot;&quot;,&quot;bottom&quot;:&quot;&quot;,&quot;left&quot;:&quot;&quot;,&quot;isLinked&quot;:true},&quot;element_pack_global_tooltip_border_radius_tablet&quot;:{&quot;unit&quot;:&quot;px&quot;,&quot;top&quot;:&quot;&quot;,&quot;right&quot;:&quot;&quot;,&quot;bottom&quot;:&quot;&quot;,&quot;left&quot;:&quot;&quot;,&quot;isLinked&quot;:true},&quot;element_pack_global_tooltip_border_radius_mobile&quot;:{&quot;unit&quot;:&quot;px&quot;,&quot;top&quot;:&quot;&quot;,&quot;right&quot;:&quot;&quot;,&quot;bottom&quot;:&quot;&quot;,&quot;left&quot;:&quot;&quot;,&quot;isLinked&quot;:true}}\" data-elementor-post-type=\"page\">\n\t\t\t\t<div class=\"elementor-element elementor-element-7619c90 e-flex e-con-boxed e-con e-parent\" data-id=\"7619c90\" data-element_type=\"container\" data-e-type=\"container\">\n\t\t\t\t\t<div class=\"e-con-inner\">\n\t\t\t\t<div class=\"elementor-element elementor-element-1e64441 elementor-widget elementor-widget-heading\" data-id=\"1e64441\" data-element_type=\"widget\" data-e-type=\"widget\" data-widget_type=\"heading.default\">\n\t\t\t\t\t<h4 class=\"elementor-heading-title elementor-size-default\">Werde Teil des Teams der OSTSEE Sportspiele<\/h4>\t\t\t\t<\/div>\n\t\t\t\t<div class=\"elementor-element elementor-element-866efe9 elementor-widget elementor-widget-spacer\" data-id=\"866efe9\" data-element_type=\"widget\" data-e-type=\"widget\" data-widget_type=\"spacer.default\">\n\t\t\t\t\t\t\t<div class=\"elementor-spacer\">\n\t\t\t<div class=\"elementor-spacer-inner\"><\/div>\n\t\t<\/div>\n\t\t\t\t\t\t<\/div>\n\t\t\t\t<div class=\"elementor-element elementor-element-58d083a elementor-widget elementor-widget-text-editor\" data-id=\"58d083a\" data-element_type=\"widget\" data-e-type=\"widget\" data-widget_type=\"text-editor.default\">\n\t\t\t\t\t\t\t\t\t<p>Die OSTSEE Sportspiele sind eines der gr\u00f6\u00dften Breitensportevents in Cottbus und der Umgebung. In den letzten Jahren haben an den Tagen \u00fcber 3.500 Sportler teilgenommen und ca. 10.000 Besucher konnten ein tolles Wochenende erleben.<\/p><h6><b>In diesem Jahr warten vom 13.-14 Juni 30 spannenden Events wieder jede Menge Action auf die Sportler und Besucher!<\/b><\/h6><h1><strong>Wie jede gro\u00dfe Veranstaltung gibt es viel zu tun, daf\u00fcr suchen wir Dich!!!<\/strong><\/h1><p>Du bist ein Organisationstalent, hast ein H\u00e4ndchen f\u00fcr Details oder kannst gut mit anpacken?<br \/>Wir finden f\u00fcr jeden eine Aufgabe und du kannst Teil des Teams der OSTSEE Sportspiele werden.<br \/><b>Helfer werden vor allem f\u00fcr den Zeitraum 12.-16.06.26 gesucht.<\/b><\/p><p><b>Anmelden kannst du dich mittels unseres\u00a0<a href=\"https:\/\/forms.gle\/fPbFp9nmHjcAESzG8\" target=\"_blank\" rel=\"noopener\">Anmeldeformular<\/a>\u00a0oder per E-Mail an\u00a0<a href=\"mailto:info@ostsee-sportspiele.de\">info@ostsee-sportspiele.de<\/a>.<\/b><\/p><p>Auf jeden Volunteer wartet ein tolles Dankesch\u00f6n-Paket!<\/p><p><b>Sei dabei und unterst\u00fctze die OSTSEE Sportspiele 2026!<\/b><\/p>\t\t\t\t\t\t\t\t<\/div>\n\t\t\t\t<div class=\"elementor-element elementor-element-68f2021 elementor-widget elementor-widget-image\" data-id=\"68f2021\" data-element_type=\"widget\" data-e-type=\"widget\" data-widget_type=\"image.default\">\n\t\t\t\t\t\t\t\t\t\t\t\t\t\t\t<img fetchpriority=\"high\" decoding=\"async\" width=\"800\" height=\"800\" src=\"https:\/\/ostsee-sportspiele.de\/wp-content\/uploads\/2026\/03\/Volunteer1080x1080-1024x1024.jpg\" class=\"attachment-large size-large wp-image-1212\" alt=\"\" srcset=\"https:\/\/ostsee-sportspiele.de\/wp-content\/uploads\/2026\/03\/Volunteer1080x1080-1024x1024.jpg 1024w, https:\/\/ostsee-sportspiele.de\/wp-content\/uploads\/2026\/03\/Volunteer1080x1080-300x300.jpg 300w, https:\/\/ostsee-sportspiele.de\/wp-content\/uploads\/2026\/03\/Volunteer1080x1080-150x150.jpg 150w, https:\/\/ostsee-sportspiele.de\/wp-content\/uploads\/2026\/03\/Volunteer1080x1080-768x768.jpg 768w, https:\/\/ostsee-sportspiele.de\/wp-content\/uploads\/2026\/03\/Volunteer1080x1080.jpg 1080w\" sizes=\"(max-width: 800px) 100vw, 800px\" \/>\t\t\t\t\t\t\t\t\t\t\t\t\t\t\t<\/div>\n\t\t\t\t\t<\/div>\n\t\t\t\t<\/div>\n\t\t\t\t<\/div>\n\t\t","protected":false},"excerpt":{"rendered":"<p>Werde Teil des Teams der OSTSEE Sportspiele Die OSTSEE Sportspiele sind eines der gr\u00f6\u00dften Breitensportevents in Cottbus und der Umgebung. In den letzten Jahren haben an den Tagen \u00fcber 3.500 Sportler teilgenommen und ca. 10.000 Besucher konnten ein tolles Wochenende erleben. In diesem Jahr warten vom 13.-14 Juni 30 spannenden Events wieder jede Menge Action [&hellip;]<\/p>\n","protected":false},"author":1,"featured_media":0,"parent":0,"menu_order":6,"comment_status":"closed","ping_status":"closed","template":"","meta":{"footnotes":""},"class_list":["post-349","page","type-page","status-publish","hentry"],"_links":{"self":[{"href":"https:\/\/ostsee-sportspiele.de\/index.php\/wp-json\/wp\/v2\/pages\/349","targetHints":{"allow":["GET"]}}],"collection":[{"href":"https:\/\/ostsee-sportspiele.de\/index.php\/wp-json\/wp\/v2\/pages"}],"about":[{"href":"https:\/\/ostsee-sportspiele.de\/index.php\/wp-json\/wp\/v2\/types\/page"}],"author":[{"embeddable":true,"href":"https:\/\/ostsee-sportspiele.de\/index.php\/wp-json\/wp\/v2\/users\/1"}],"replies":[{"embeddable":true,"href":"https:\/\/ostsee-sportspiele.de\/index.php\/wp-json\/wp\/v2\/comments?post=349"}],"version-history":[{"count":37,"href":"https:\/\/ostsee-sportspiele.de\/index.php\/wp-json\/wp\/v2\/pages\/349\/revisions"}],"predecessor-version":[{"id":1334,"href":"https:\/\/ostsee-sportspiele.de\/index.php\/wp-json\/wp\/v2\/pages\/349\/revisions\/1334"}],"wp:attachment":[{"href":"https:\/\/ostsee-sportspiele.de\/index.php\/wp-json\/wp\/v2\/media?parent=349"}],"curies":[{"name":"wp","href":"https:\/\/api.w.org\/{rel}","templated":true}]}}